{"id":48,"date":"2018-03-23T09:49:51","date_gmt":"2018-03-23T08:49:51","guid":{"rendered":"https:\/\/tzb.cit.fce.vutbr.cz\/?page_id=48"},"modified":"2018-10-13T09:52:02","modified_gmt":"2018-10-13T07:52:02","slug":"kutrzyczv","status":"publish","type":"page","link":"https:\/\/www.tzb.fce.vutbr.cz\/uvodni-informace\/kutrzyczv\/","title":{"rendered":"Kurzy C\u017dV"},"content":{"rendered":"<p>Aktu\u00e1ln\u00ed kurzy:<\/p>\n<h5><a href=\"http:\/\/www.fce.vutbr.cz\/studium\/predmety\/Predmet.asp?kod=BT053\">BT053 Elektrotechnick\u00e1 za\u0159\u00edzen\u00ed budov<\/a><\/h5>\n<p><em>Navrhov\u00e1n\u00ed z\u00e1kladn\u00edch elektrorozvod\u016f a osv\u011btlen\u00ed v budov\u00e1ch. N\u00e1vrh hromosvodu.\u00a0<\/em><em>Bezpe\u010dnost pr\u00e1ce na elektrick\u00fdch za\u0159\u00edzen\u00ed.\u00a0<\/em><em>Vyhl\u00e1\u0161ka \u010d.50\/1978 Sb. ve zn\u011bn\u00ed vyhl\u00e1\u0161ky \u010d. 98\/1982 Sb &#8211; odborn\u00e1 zp\u016fsobilost v elektrotechnice.<\/em><\/p>\n<p>Aktu\u00e1ln\u011b otev\u0159en\u00e9 registrace <a href=\"\/tag\/registrace_czv\/\">zde<\/a>.<\/p>\n","protected":false},"excerpt":{"rendered":"<p>Aktu\u00e1ln\u00ed kurzy: BT053 Elektrotechnick\u00e1 za\u0159\u00edzen\u00ed budov Navrhov\u00e1n\u00ed z\u00e1kladn\u00edch elektrorozvod\u016f a osv\u011btlen\u00ed v budov\u00e1ch. N\u00e1vrh hromosvodu.\u00a0Bezpe\u010dnost pr\u00e1ce na elektrick\u00fdch za\u0159\u00edzen\u00ed.\u00a0Vyhl\u00e1\u0161ka \u010d.50\/1978 Sb. ve zn\u011bn\u00ed vyhl\u00e1\u0161ky \u010d. 98\/1982 Sb &#8211; odborn\u00e1 zp\u016fsobilost v elektrotechnice. Aktu\u00e1ln\u011b otev\u0159en\u00e9 registrace zde.<\/p>\n","protected":false},"author":12,"featured_media":0,"parent":0,"menu_order":0,"comment_status":"closed","ping_status":"closed","template":"","meta":{"footnotes":""},"class_list":["post-48","page","type-page","status-publish","hentry"],"_links":{"self":[{"href":"https:\/\/www.tzb.fce.vutbr.cz\/uvodni-informace\/wp-json\/wp\/v2\/pages\/48","targetHints":{"allow":["GET"]}}],"collection":[{"href":"https:\/\/www.tzb.fce.vutbr.cz\/uvodni-informace\/wp-json\/wp\/v2\/pages"}],"about":[{"href":"https:\/\/www.tzb.fce.vutbr.cz\/uvodni-informace\/wp-json\/wp\/v2\/types\/page"}],"author":[{"embeddable":true,"href":"https:\/\/www.tzb.fce.vutbr.cz\/uvodni-informace\/wp-json\/wp\/v2\/users\/12"}],"replies":[{"embeddable":true,"href":"https:\/\/www.tzb.fce.vutbr.cz\/uvodni-informace\/wp-json\/wp\/v2\/comments?post=48"}],"version-history":[{"count":9,"href":"https:\/\/www.tzb.fce.vutbr.cz\/uvodni-informace\/wp-json\/wp\/v2\/pages\/48\/revisions"}],"predecessor-version":[{"id":304,"href":"https:\/\/www.tzb.fce.vutbr.cz\/uvodni-informace\/wp-json\/wp\/v2\/pages\/48\/revisions\/304"}],"wp:attachment":[{"href":"https:\/\/www.tzb.fce.vutbr.cz\/uvodni-informace\/wp-json\/wp\/v2\/media?parent=48"}],"curies":[{"name":"wp","href":"https:\/\/api.w.org\/{rel}","templated":true}]}}