{"id":728,"date":"2024-06-17T08:16:00","date_gmt":"2024-06-17T06:16:00","guid":{"rendered":"https:\/\/www.tzb.fce.vutbr.cz\/uvodni-informace\/?page_id=728"},"modified":"2024-12-06T20:40:37","modified_gmt":"2024-12-06T19:40:37","slug":"research-teams","status":"publish","type":"page","link":"https:\/\/www.tzb.fce.vutbr.cz\/uvodni-informace\/en\/research-teams\/","title":{"rendered":"Research teams"},"content":{"rendered":"<h2>Research group on modelling heat and substance transfer in buildings and HVAC systems<\/h2>\n<p><b>Leader<\/b>:\u00a0<a style=\"cursor: pointer !important\" title=\"https:\/\/www.vut.cz\/lide\/ondrej-sikula-17497#navigace-vizitka\" href=\"https:\/\/www.vut.cz\/en\/people\/ondrej-sikula-17497\" target=\"_blank\" rel=\"noopener noreferrer\" data-auth=\"NotApplicable\" data-linkindex=\"0\">prof. Ing. Ond\u0159ej \u0160ikula, Ph.D.<\/a><\/p>\n<figure id=\"attachment_631\" aria-describedby=\"caption-attachment-631\" style=\"width: 300px\" class=\"wp-caption alignright\"><a href=\"https:\/\/www.tzb.fce.vutbr.cz\/wp-content\/uploads\/sites\/9\/2024\/01\/simulaceEpile.png\" data-gallery><img loading=\"lazy\" decoding=\"async\" class=\"wp-image-631 size-medium\" src=\"https:\/\/www.tzb.fce.vutbr.cz\/wp-content\/uploads\/sites\/9\/2024\/01\/simulaceEpile-300x190.png\" alt=\"\" width=\"300\" height=\"190\" srcset=\"https:\/\/www.tzb.fce.vutbr.cz\/wp-content\/uploads\/sites\/9\/2024\/01\/simulaceEpile-300x190.png 300w, https:\/\/www.tzb.fce.vutbr.cz\/wp-content\/uploads\/sites\/9\/2024\/01\/simulaceEpile.png 607w\" sizes=\"auto, (max-width: 300px) 100vw, 300px\" \/><\/a><figcaption id=\"caption-attachment-631\" class=\"wp-caption-text\">Sample output of numerical simulation of energy piles in Epile 2.0 software.<\/figcaption><\/figure>\n<p><b>Website<\/b>:\u00a0<a href=\"https:\/\/www.fce.vut.cz\/TZB\/sikula.o\/DEFAULT_eng.html\" target=\"_blank\" rel=\"noopener noreferrer\" data-auth=\"NotApplicable\" data-linkindex=\"2\">https:\/\/www.fce.vut.cz\/TZB\/sikula.o<\/a><\/p>\n<p>The long-term goal of the group&#8217;s research activities is to maximize energy savings in buildings, maximize the use of renewable energy sources, optimize the indoor climate of buildings and contribute to the energy security and self-sufficiency of our society. In pursuit of these goals, the research group focuses on computer modelling and simulation of heat and substance transfer in buildings, building components and technical building systems (BTS), development and validation of in-house computational models and simulation software. The current topic is the use of thermally activated building structures (typically in the form of large-scale radiant systems) designed to create the indoor environment of buildings, and the application of thermally activated building foundation structures to harness the energy of the building&#8217;s sub-floor and use it for heating and cooling &#8211; project <a id=\"LPlnk489428\" style=\"cursor: pointer !important\" title=\"https:\/\/www.cameb.cz\/epilotvysledky\" href=\"https:\/\/www.cameb.cz\/epilotvysledky\" target=\"_blank\" rel=\"noopener noreferrer\" data-auth=\"NotApplicable\" data-linkindex=\"3\">CAMEB Epilot<\/a>.<\/p>\n<p>&nbsp;<\/p>\n<h5>The most important outputs achieved by the group in the last 4 years:<\/h5>\n<ul type=\"square\" data-editing-info=\"{&quot;orderedStyleType&quot;:1,&quot;unorderedStyleType&quot;:1}\">\n<li>\n<figure id=\"attachment_630\" aria-describedby=\"caption-attachment-630\" style=\"width: 300px\" class=\"wp-caption alignright\"><a href=\"https:\/\/www.tzb.fce.vutbr.cz\/wp-content\/uploads\/sites\/9\/2024\/01\/energiebudovy.png\" data-gallery><img loading=\"lazy\" decoding=\"async\" class=\"wp-image-630 size-medium\" src=\"https:\/\/www.tzb.fce.vutbr.cz\/wp-content\/uploads\/sites\/9\/2024\/01\/energiebudovy-300x225.png\" alt=\"\" width=\"300\" height=\"225\" srcset=\"https:\/\/www.tzb.fce.vutbr.cz\/wp-content\/uploads\/sites\/9\/2024\/01\/energiebudovy-300x225.png 300w, https:\/\/www.tzb.fce.vutbr.cz\/wp-content\/uploads\/sites\/9\/2024\/01\/energiebudovy-768x576.png 768w, https:\/\/www.tzb.fce.vutbr.cz\/wp-content\/uploads\/sites\/9\/2024\/01\/energiebudovy.png 960w\" sizes=\"auto, (max-width: 300px) 100vw, 300px\" \/><\/a><figcaption id=\"caption-attachment-630\" class=\"wp-caption-text\">Schematic of the use of the energy of the building environment (ground, air, water) in relation to radiant systems for low-temperature heating and high-temperature cooling of buildings.<\/figcaption><\/figure>\n<p>Computational software <a id=\"OWAdb244678-7af9-bb8a-dcbb-cd045c0cd0f1\" title=\"https:\/\/geotech.fce.vutbr.cz\/epilot\/\" href=\"https:\/\/geotech.fce.vutbr.cz\/epilot\/\" target=\"_blank\" rel=\"noopener noreferrer\" data-auth=\"NotApplicable\" data-loopstyle=\"linkonly\" data-linkindex=\"4\">Epile 2.0<\/a> for modelling thermal-hydraulic behaviour, foundation energy piles.<\/li>\n<li>\n<div>KRAJ\u010c\u00cdK, Michal a Ond\u0159ej \u0160IKULA, 2020. The possibilities and limitations of using radiant wall cooling in new and retrofitted existing buildings. Applied Thermal Engineering. 164, 114490. ISSN 1359-4311. Available from: doi:<a class=\"ms-outlook-linkify\" href=\"https:\/\/doi.org\/10.1016\/j.applthermaleng.2019.114490\" target=\"_blank\" rel=\"noopener\">https:\/\/doi.org\/10.1016\/j.applthermaleng.2019.114490<\/a><\/div>\n<\/li>\n<li>KRAJ\u010c\u00cdK, Michal a Ond\u0159ej \u0160IKULA, 2020. Heat storage efficiency and effective thermal output: Indicators of thermal response and output of radiant heating and cooling systems:Indicators of thermal response and output of radiant heating and cooling systems. Energy and Buildings. 229, 110524. ISSN 0378-7788. Available from: doi:<a class=\"ms-outlook-linkify\" href=\"https:\/\/doi.org\/10.1016\/j.enbuild.2020.110524\" target=\"_blank\" rel=\"noopener\">https:\/\/doi.org\/10.1016\/j.enbuild.2020.110524<\/a><\/li>\n<li>ORAVEC, Jakub, Ond\u0159ej \u0160IKULA, Michal KRAJ\u010c\u00cdK, M\u00fcsl\u00fcm ARICI a Martin MOHAPL, 2020. A comparative study on the applicability of six radiant floor, wall, and ceiling heating systems based on thermal performance analysis. Journal of Building Engineering. ISSN 23527102. Available from: doi:<a href=\"https:\/\/doi.org\/10.1016\/j.jobe.2020.102133\">https:\/\/doi.org\/10.1016\/j.jobe.2020.102133<\/a><\/li>\n<li>KRAJ\u010c\u00cdK, Michal, M\u00fcsl\u00fcm ARICI, Ond\u0159ej \u0160IKULA a Martin \u0160IMKO, 2021. Review of water-based wall systems: Heating, cooling, and thermal barriers: Heating, cooling, and thermal barriers. Energy and Buildings. 253, 111476. ISSN 0378-7788. Available from: doi:<a class=\"ms-outlook-linkify\" href=\"https:\/\/doi.org\/10.1016\/j.enbuild.2021.111476\" target=\"_blank\" rel=\"noopener\">https:\/\/doi.org\/10.1016\/j.enbuild.2021.111476<\/a><\/li>\n<\/ul>\n<h2>Research group on prediction, design and assessment of the indoor environment of buildings<\/h2>\n<p><strong><b>Leader<\/b>:<\/strong>\u00a0<a href=\"https:\/\/www.fce.vutbr.cz\/en\/faculty\/people\/ales-rubina-10591\/\" target=\"_blank\" rel=\"noopener noreferrer\" data-auth=\"NotApplicable\" data-linkindex=\"0\">doc. Ing. Ale\u0161 Rubina, Ph.D.<\/a><\/p>\n<p><b>Website<\/b>: <a class=\"x_moz-txt-link-freetext\" href=\"https:\/\/www.fce.vut.cz\/en\/faculty\/people\/ales-rubina-10591\/creative-work\" target=\"_blank\" rel=\"noopener noreferrer\" data-auth=\"NotApplicable\" data-linkindex=\"1\">https:\/\/www.fce.vut.cz\/en\/faculty\/people\/ales-rubina-10591\/creative-work<\/a><\/p>\n<p class=\"x_MsoNormal\"><span class=\"x_ui-provider\"><a href=\"https:\/\/www.tzb.fce.vutbr.cz\/wp-content\/uploads\/sites\/9\/2024\/01\/a6343b05-d10f-4a74-acf4-59e4e41baabf.jpg\" data-gallery><img loading=\"lazy\" decoding=\"async\" class=\"alignright size-medium wp-image-659\" src=\"https:\/\/www.tzb.fce.vutbr.cz\/wp-content\/uploads\/sites\/9\/2024\/01\/a6343b05-d10f-4a74-acf4-59e4e41baabf-300x244.jpg\" alt=\"\" width=\"300\" height=\"244\" srcset=\"https:\/\/www.tzb.fce.vutbr.cz\/wp-content\/uploads\/sites\/9\/2024\/01\/a6343b05-d10f-4a74-acf4-59e4e41baabf-300x244.jpg 300w, https:\/\/www.tzb.fce.vutbr.cz\/wp-content\/uploads\/sites\/9\/2024\/01\/a6343b05-d10f-4a74-acf4-59e4e41baabf-768x625.jpg 768w, https:\/\/www.tzb.fce.vutbr.cz\/wp-content\/uploads\/sites\/9\/2024\/01\/a6343b05-d10f-4a74-acf4-59e4e41baabf.jpg 874w\" sizes=\"auto, (max-width: 300px) 100vw, 300px\" \/><\/a>The research group deals with the issue of the indoor environment in buildings designed for human habitation or for the operation of demanding production technology. We carry out diagnostics of the environment in operating buildings, monitoring a wide range of parameters &#8211; from thermal and humidity microclimate, through air cleanliness to monitoring microbiological factors. Related to this, we also diagnose building technical systems (BTS), where we measure using extensive instrumentation. We also use modern instrumentation to measure the performance parameters of installed equipment and its components (fans, filters, heat exchangers, pumps), including the detection of faults and the design of measures to correct them or to increase the comfort or efficiency of operation. For the application sphere, we create web-based tools for the design of technical equipment or building elements in special cases for which there is no conventional commercial software. We predict the indoor environment of buildings by solving mathematical models using our own programs or external CFD software.<br \/>\n<\/span><\/p>\n<h5 class=\"x_MsoNormal\">Significant projects in the application sphere supported by the Technology Agency of the Czech Republic:<\/h5>\n<ul>\n<li class=\"x_MsoNormal\"><span class=\"x_font-bold\"><a href=\"https:\/\/www.vut.cz\/en\/rad\/projects\/detail\/25437\" target=\"_blank\" rel=\"noopener noreferrer\" data-auth=\"NotApplicable\" data-linkindex=\"2\">TA04021284<\/a>, Energy savings of the data centers achieved by the applied advanced cooling systems and the use of recovery heat with its positive environmental impact<\/span><\/li>\n<li class=\"x_MsoNormal\"><span class=\"x_font-bold\"><a href=\"https:\/\/www.vut.cz\/en\/rad\/projects\/detail\/32158\" target=\"_blank\" rel=\"noopener noreferrer\" data-auth=\"NotApplicable\" data-linkindex=\"3\">FW03010062<\/a>,Smart fa\u00e7ade with optimised energy performance<\/span><\/li>\n<\/ul>\n<h5 class=\"x_MsoNormal\"><span class=\"x_ui-provider\">The most significant outputs achieved by the group in the last 4 years:<\/span><\/h5>\n<ul>\n<li>RUBINA, A.; UHER, P.; VR\u00c1NA, J.; ZNEBEJ\u00c1NEK, J.; SALAJKA, R.; MO\u0160T\u011aK, J.; CAKL, D.; VARBANOV, P. Monitoring of fresh water consumption and energy needs for hot tap water heating in residential buildings.\u00a0<i>Thermal science and engineering progress,\u00a0<\/i>2024, ro\u010d. 51, \u010d. June 2024, s. 1-13. ISSN: 2451-9049. DOI: <a href=\"https:\/\/doi.org\/10.1016\/j.tsep.2024.102639\">https:\/\/doi.org\/10.1016\/j.tsep.2024.102639<\/a><\/li>\n<li>RUBINA, A.; UHER, P.; SALAJKA, R.; BARO\u0147, A.; CAKL, D.; \u0160MAK, M.; BARNAT, J.; VARBANOV, P. Energy and acoustic evaluation of classroom ventilation and its influence on the design of the air-conditioning system.\u00a0<i>Energy (online),\u00a0<\/i>2024, ro\u010d. 294, \u010d. 2024, s. 1-28. ISSN: 1873-6785. Available from: <a href=\"https:\/\/doi.org\/10.1016\/j.energy.2024.130791\">https:\/\/doi.org\/10.1016\/j.energy.2024.130791<\/a><\/li>\n<li class=\"x_MsoNormal\">RUBINA, A.; UHER, P.; UHER, V.; RUBINOV\u00c1, O.; BE\u010cKOVSK\u00dd, D.; HRON, L.; IL\u010c\u00cdK, J.:\u00a0<a href=\"http:\/\/fasady-5034.rostiapp.cz\/\" target=\"_blank\" rel=\"noopener noreferrer\" data-auth=\"NotApplicable\" data-linkindex=\"4\">FSVM software<\/a> -program for calculation of thermal technical parameters of facade with ventilated gap. ILTEGRO spol. s r.o.<\/li>\n<li class=\"x_MsoNormal\">RUBINA, A.; UHER, P.; VENDLOV\u00c1, L.; WIERZBICK\u00c1, H.: OK Vent &#8211;\u00a0<a href=\"http:\/\/www.okvent.cz\/vypocet\/index.php\" target=\"_blank\" rel=\"noopener noreferrer\" data-auth=\"NotApplicable\" data-linkindex=\"5\">Design software for silencers<\/a>.<\/li>\n<li class=\"x_MsoNormal\">RUBINA, A.; UHER, P.; VR\u00c1NA, J.; NOVOTN\u00dd, M.; NESP\u011a\u0160N\u00dd, O.; SK\u0158EK, D.; \u0160UHAJDOV\u00c1, E.; VYSTR\u010cIL, J.; FORM\u00c1NEK, M. Heat Flow through a Facede with a Controlled Ventilated Gap.\u00a0<i>Buildings,\u00a0<\/i>2023, ro\u010d. 13, \u010d. 3, s. 1-20. ISSN: 2075-5309. Available from: DOI: <a href=\"https:\/\/doi.org\/10.3390\/buildings13030817\">https:\/\/doi.org\/10.3390\/buildings13030817<\/a><\/li>\n<li class=\"x_MsoNormal\">SZCEPA\u0143SKA-WOSZCZYNA, K.; GEDVILAITE, D.; NAZARKO, J.; STASIUKYNAS, A.; RUBINA, A. Assessment of economic convergence among countries in the European Union.\u00a0<i>Technological and Economic Development of Economy,\u00a0<\/i>2022, ro\u010d. 28, \u010d. 5, s. 1572-1588. ISSN: 2029-4921. Available from: DOI: <a href=\"https:\/\/doi.org\/10.3846\/tede.2022.17518\">https:\/\/doi.org\/10.3846\/tede.2022.17518<\/a><\/li>\n<\/ul>\n<h2>Experimental Research Group on Heat and Mass Transfer, Heat Exchangers<\/h2>\n<p><strong><b>Leader<\/b>:<\/strong>\u00a0<a href=\"https:\/\/www.fce.vutbr.cz\/en\/faculty\/people\/petr-horak-10015\/\">doc. Ing. Petr Hor\u00e1k, Ph.D.<\/a><\/p>\n<p><strong>Website<\/strong>:\u00a0<a href=\"https:\/\/www.fce.vutbr.cz\/en\/faculty\/people\/petr-horak-10015\/creative-work\">https:\/\/www.fce.vutbr.cz\/o-fakulte\/lide\/petr-horak-10015\/tvurci-aktivity<\/a><\/p>\n<figure id=\"attachment_655\" aria-describedby=\"caption-attachment-655\" style=\"width: 300px\" class=\"wp-caption alignright\"><a href=\"https:\/\/www.tzb.fce.vutbr.cz\/wp-content\/uploads\/sites\/9\/2024\/01\/laborator.png\" data-gallery><img loading=\"lazy\" decoding=\"async\" class=\"wp-image-655 size-medium\" src=\"https:\/\/www.tzb.fce.vutbr.cz\/wp-content\/uploads\/sites\/9\/2024\/01\/laborator-300x200.png\" alt=\"\" width=\"300\" height=\"200\" srcset=\"https:\/\/www.tzb.fce.vutbr.cz\/wp-content\/uploads\/sites\/9\/2024\/01\/laborator-300x200.png 300w, https:\/\/www.tzb.fce.vutbr.cz\/wp-content\/uploads\/sites\/9\/2024\/01\/laborator-1024x684.png 1024w, https:\/\/www.tzb.fce.vutbr.cz\/wp-content\/uploads\/sites\/9\/2024\/01\/laborator-768x513.png 768w, https:\/\/www.tzb.fce.vutbr.cz\/wp-content\/uploads\/sites\/9\/2024\/01\/laborator.png 1293w\" sizes=\"auto, (max-width: 300px) 100vw, 300px\" \/><\/a><figcaption id=\"caption-attachment-655\" class=\"wp-caption-text\">Part of the laboratory of the Institute of HVAC and the workplace of the group<\/figcaption><\/figure>\n<p>The research group is mainly engaged in experimental activities in the field of heat and mass transfer with a focus on heat exchangers and properties of heat transfer agents for applications in HVAC systems and industry. The results of the group&#8217;s activities have both theoretical and practical implications. The work of the group is the experimental verification of scientific hypotheses using modern laboratory equipment of the Institute of HVAC. Furthermore, the group focuses on the development and verification of heat and cold exchangers, both traditional designs and materials and new exchangers produced using 3D printing. Currently, the group is also focusing on new types of refrigerants and machine cooling issues.<\/p>\n<h5 class=\"x_MsoNormal\"><span class=\"x_ui-provider\">The most significant outputs achieved by the Group in recent years:<\/span><\/h5>\n<ul>\n<li>HOR\u00c1K, P.; FORM\u00c1NEK, M.; FE\u010cER, T.; PL\u00c1\u0160EK, J. Evaporation of refrigerant R134a, R404A and R407C with low mass flux in smooth vertical tube. International journal of heat and mass transfer, 2021, ro\u010d. 181, \u010d. 1, s. 1-8. ISSN: 0017-9310.HOR\u00c1K, P.; UHER, P.; PL\u00c1\u0160EK, J.; FORM\u00c1NEK, M.; FE\u010cER, T.; Brno University of Technology.: Heat exchanger. 32502, utility model. (2019)<\/li>\n<li>HOR\u00c1K, P.; PO\u010cINKOV\u00c1, M.; BARTON\u00cdK, A.;Brno University of Technology, Brno, CZ: Heat sewer heat exchanger. 304280, patent. (2014)<\/li>\n<li>HOR\u00c1K, P.; UHER, P.; PL\u00c1\u0160EK, J.; FORM\u00c1NEK, M.:Heat exchanger; Cross air-to-air heat exchanger made by 3D printing technology. Institute of HVAC. (functional sample)<\/li>\n<li>FORM\u00c1NEK, M.; HOR\u00c1K, P.; DIBL\u00cdK, J.; HIR\u0160, J. Experimental Increase in the Efficiency of a Cooling Circuit Using a Desuperheater. Periodica Polytechnica &#8211; Civil Engineering, 2016, ro\u010d. 60, \u010d. 3, s. 355-360. ISSN: 0553-6626.<\/li>\n<\/ul>\n","protected":false},"excerpt":{"rendered":"<p>Research group on modelling heat and substance transfer in buildings and HVAC systems Leader:\u00a0prof. Ing. Ond\u0159ej \u0160ikula, Ph.D. Website:\u00a0https:\/\/www.fce.vut.cz\/TZB\/sikula.o The long-term goal of the group&#8217;s research activities is to maximize energy savings in buildings, maximize the use of renewable energy sources, optimize the indoor climate of buildings and contribute to the energy security and self-sufficiency &hellip;<\/p>\n","protected":false},"author":17,"featured_media":0,"parent":0,"menu_order":0,"comment_status":"closed","ping_status":"closed","template":"","meta":{"footnotes":""},"class_list":["post-728","page","type-page","status-publish","hentry"],"_links":{"self":[{"href":"https:\/\/www.tzb.fce.vutbr.cz\/uvodni-informace\/wp-json\/wp\/v2\/pages\/728","targetHints":{"allow":["GET"]}}],"collection":[{"href":"https:\/\/www.tzb.fce.vutbr.cz\/uvodni-informace\/wp-json\/wp\/v2\/pages"}],"about":[{"href":"https:\/\/www.tzb.fce.vutbr.cz\/uvodni-informace\/wp-json\/wp\/v2\/types\/page"}],"author":[{"embeddable":true,"href":"https:\/\/www.tzb.fce.vutbr.cz\/uvodni-informace\/wp-json\/wp\/v2\/users\/17"}],"replies":[{"embeddable":true,"href":"https:\/\/www.tzb.fce.vutbr.cz\/uvodni-informace\/wp-json\/wp\/v2\/comments?post=728"}],"version-history":[{"count":6,"href":"https:\/\/www.tzb.fce.vutbr.cz\/uvodni-informace\/wp-json\/wp\/v2\/pages\/728\/revisions"}],"predecessor-version":[{"id":762,"href":"https:\/\/www.tzb.fce.vutbr.cz\/uvodni-informace\/wp-json\/wp\/v2\/pages\/728\/revisions\/762"}],"wp:attachment":[{"href":"https:\/\/www.tzb.fce.vutbr.cz\/uvodni-informace\/wp-json\/wp\/v2\/media?parent=728"}],"curies":[{"name":"wp","href":"https:\/\/api.w.org\/{rel}","templated":true}]}}